*i. Calculate t(-6).
0
Let h(t) = -t**3 - t + 6. Let p be h(0). Suppose 5*i = 4*i + p. Let s(v) = 5*v**3 - 2*v - 5*v**2 - 2*v**3 + i - 2*v**3. Determine s(5).
-4
Let h(f) = -4*f**3 - 4*f**2 - 8. Let r(w) = 5*w**3 + 5*w**2 + 8. Let t(d) = 6*h(d) + 5*r(d). Suppose -5*v + 0*v = -3*g, 4*g - 2*v = 0. Calculate t(g).
-8
Let k(f) = f**3 - 8*f**2 + 7*f + 5. Let r be k(7). Let h(n) = 2*n - 8. Let c(x) = -2*x + 9. Let z(l) = -2*c(l) - 3*h(l). What is z(r)?
-4
Suppose -19 = 3*s - 2*d, 20 = -3*s + 4*d - 3. Let a be (-3)/(2 + s)*-5. Let h(p) = 0*p**2 + p**2 - p**2 - 5*p - 6 - p**2. Determine h(a).
-6
Let b = 3 - -2. Let h(a) = 2*a**2 - 1 + 3*a**2 - a - 4*a**2. Let v(r) = 3*r**2 + 2*r - 11. Let d(l) = -4*h(l) + v(l). What is d(b)?
-2
Suppose -5 - 1 = -2*y. Let s(q) = q - y + 5 - q - q**2. Calculate s(-3).
-7
Let x = -9 - -11. Let r be (2/(-3))/((-2)/6). Let l(d) = d**x - 2*d**3 - r*d + 3*d - 6 + 3*d**3. Give l(0).
-6
Let v(m) be the second derivative of m**5/20 + m**4/3 + 3*m**2/2 - 2*m. Let r be v(-4). Let w(c) = -6*c**r + c - 2*c - c**3 - 2*c**2. Give w(-1).
6
Let j = -1 - 2. Let x(v) be the first derivative of -v**4/4 - v**3 + v**2 - 2*v + 45. What is x(j)?
-8
Let d(n) be the second derivative of n**5/60 + n**4/8 - 5*n**3/6 - n**2/2 + 2*n. Let t(k) be the first derivative of d(k). What is t(-4)?
-1
Suppose -3*i = u - 5, 0*i = -2*i + 2*u - 2. Let q = -1 + i. Let r(a) = 0*a + q*a - a + 4 + 4. Determine r(0).
8
Let q(h) = h**2 - 3*h + 2. Let n(k) = -k**3 - 9*k**2 + 9*k - 7. Let p be n(-10). Give q(p).
2
Let v(z) be the second derivative of -z**3/6 - z**2/2 - z. Let x(d) = d - 1. Let t be x(3). Suppose 7 = b + t. Calculate v(b).
-6
Suppose 1 - 2 = -n. Suppose -1 = 2*f + n. Let t(s) = 2*s**3 - 1. What is t(f)?
-3
Suppose 0 = -2*o - o. Suppose 2*z - 3*z + 4 = o. Let w(h) = -7*h**2 - h**3 + 2*h**2 - 4*h + z - 2*h + 3*h. Determine w(-3).
-5
Let t(k) = 3*k**2 + k + 2. Let w(c) = c**2 + c - 1. Let v(p) = -t(p) + 2*w(p). Let y(n) = n. Let g(s) = -v(s) - 5*y(s). Calculate g(5).
-1
Let f(s) be the third derivative of -s**4/24 + 4*s**3/3 + 14*s**2. What is f(9)?
-1
Let r be (-2)/(-3 - -2) + 4. Let q(z) = z**3 - 5*z**2 - 3*z - 4. What is q(r)?
14
Let q(d) = 2*d - 6. Let u(p) = -p + 3. Let t be u(3). Suppose t*k = -4*k + 24. What is q(k)?
6
Let u(r) = r**3 - 2*r**2 - 4*r + 1. Let o = 6 - 3. Let l be 3/3 + 1 + 1. Suppose -o*j - j = -n - 1, l*j = n. Give u(n).
-2
Let i be 6/(-2) + 35/5. Let n = i - 4. Suppose -2*k - 12 = -5*h, n = -0*h - 3*h - 2*k + 20. Let o(z) = z**2 - 5*z - 1. What is o(h)?
-5
Let o(y) be the first derivative of -y**5/60 + y**4/24 + 4*y**3/3 + 4. Let r(u) be the third derivative of o(u). Calculate r(3).
-5
Let j = 0 - -3. Let s = j - 2. Let q(c) = -9*c + 4. Let k(n) = -17*n + 7. Let d(o) = 3*k(o) - 5*q(o). Give d(s).
-5
Let q(j) = -9*j**3 + 2*j**2 - j**2 - 20 + 10*j**3 + 0*j**2. Determine q(0).
-20
Let x(w) = -w**2 + 3*w + 1. Let s(h) = -5*h + 11. Let i(v) = -v + 1. Let c(z) = 3*i(z) - s(z). Let b be c(6). Calculate x(b).
-3
Suppose 2*a + 1 = 9. Suppose -v = -z + 3, -v - z = a*z - 3. Let d = 7 + v. Let t(j) = j**2 - 5*j + 5. Calculate t(d).
5
Let t = 30 - 28. Let d(p) = -p**2 - 2. Calculate d(t).
-6
Let o be (-4)/6 - 16/(-6). Suppose -4*i = 20, 0 = 2*z + i - 1 + 4. Suppose l + o = 3*k, l + 3*k = -z + 5. Let b(q) = -q**2 + q - 1. Give b(l).
-1
Let l(c) be the first derivative of 4/3*c**3 + 3*c**2 - 4 + c - 1/4*c**4. What is l(5)?
6
Let g(k) = -2*k - 27. Let r(m) = -6*m + 5*m - 20 + 6. Let c(v) = -2*g(v) + 5*r(v). Let w be c(-12). Let f(a) = a**3 + 4*a**2 - a - 5. Give f(w).
-1
Suppose 2*q = 2*k - 5 - 15, 4*q + 5 = -3*k. Let m be (-1)/3 - (-2)/6. Let j(v) = m + 3*v + 0 - k*v. Determine j(-3).
6
Let a(f) = 21 - 5 - 14 - f. Determine a(5).
-3
Suppose 4*k = f - 8 - 2, f - 7 = 3*k. Let l be (f/(2/5))/1. Let i(b) = b**3 - b + 1. Let n(m) = 5*m**3 - 4*m**2 + 9. Let s(j) = -6*i(j) + n(j). Calculate s(l).
-2
Let v(p) = -p**3 + 7*p**2 - 4*p - 5. Let w be (3/6)/((-2)/(-52)). Suppose -5 - w = -3*c. What is v(c)?
7
Suppose 0*l - 6 = -2*l. Suppose -2*a = l*a - 15. Let u(z) = 3 + z - a*z + z**2 - 2*z. Calculate u(3).
0
Let d(b) = 1 + b + b - 6. Let q be d(4). Let l(s) = s**3 + 0*s**3 + 0*s**q - 1 + s. Calculate l(1).
1
Let y(c) = c**3 - 3*c**2 - 3*c - 3. Suppose 2*k = -3*k. Suppose p - 4 = -k. What is y(p)?
1
Suppose 0 = 5*s + s - 24. Let k(z) = z**3 - 6*z**2 + 6*z. Determine k(s).
-8
Let s = -8 - -8. Let n(y) = -y. Let x be n(s). Let j(r) = -r - 7. Give j(x).
-7
Let l(m) = -m + 7. Let x(g) be the second derivative of -g**5/20 + g**4/6 - g. Let s be x(2). Calculate l(s).
7
Let o(s) = s + 7. Let j be (-2)/(-6) + 122/(-6). Let b be 8/j - 4/(-10). Give o(b).
7
Let h = 458 - 460. Let f(r) be the first derivative of r**2/2 - 1. Calculate f(h).
-2
Let l be ((-15)/9)/(2/(-6)). Let a(p) be the first derivative of p**3/3 - 2*p**2 - 5. Determine a(l).
5
Let c(z) = 4*z**2 - 2 + 0 + z**3 + 0. Let n(q) = q + 5. Let j be n(-9). Calculate c(j).
-2
Let c(i) = -i**3 - 6*i**2 - 4*i + 3. Suppose -14 - 6 = 4*t. Determine c(t).
-2
Let m(d) = -d + 8. Let j be m(6). Let v(r) be the third derivative of -r**4/12 + r**3/6 - 7*r**2. Calculate v(j).
-3
Let b(p) = p**3 - 4*p**2. Let k = -27 - -29. Determine b(k).
-8
Let u(a) = 2*a**2 - 5*a**2 - 85*a - 6 + 2*a**2 + 87*a. What is u(4)?
-14
Suppose 4*x - x = 9, -5*l + 15 = 5*x. Suppose -2*k + 20 = 3*k, l = 4*g - 5*k + 36. Let r(i) = -i**3 - 5*i**2 - 4*i - 6. Calculate r(g).
-6
Let h(m) be the third derivative of 1/120*m**6 + 1/6*m**4 + 0 - 2/3*m**3 - 1/10*m**5 + 4*m**2 + 0*m. Give h(5).
-9
Let q(w) = 1 - 6*w + 10*w**2 + 7*w**2 + 12*w**2 - 9 - 28*w**2. Let i(j) = -5*j + 1. Let x be i(-1). Calculate q(x).
-8
Suppose 2*g - 10 = -3*g. Let j(n) = 8*n + 0*n + 2*n**g - n - 3*n**2 - 6. Give j(4).
6
Let z = 26 - 23. Let g(q) = -q**3 + 2*q**2 + 2*q + 3. Give g(z).
0
Suppose 4*u = 0, 2*j + u + 4 = -3*u. Let t(s) = -s**2 - 2*s + 1. What is t(j)?
1
Let l(q) = 0*q**2 - 21*q + 6 + 30*q - q**2. Let u be l(9). Let w(a) = -a**3 + 6*a**2 + a + 4. Give w(u).
10
Suppose -3 - 3 = 3*i. Let t = i + 4. Let o(d) = 2*d**3 - 2*d - d**3 + 3*d + d**t. Determine o(-1).
-1
Let q(v) be the first derivative of -3*v**2/2 + 4*v + 1. Suppose 1 = -5*t + 16. Determine q(t).
-5
Let r(w) = w + 1. Let o(n) = n**3 + 5*n + 9. Suppose -2*g = -7*g. Let l = g - -5. Let t(m) = l*r(m) - o(m). Calculate t(0).
-4
Let d be -3 - (-3)/6*-2. Let m be 1/(-3) + 20/6. Let w(u) = u + 5. Let o(s) = s + 5. Let l(f) = m*w(f) - 4*o(f). Calculate l(d).
-1
Let o be (-3 - 1*-2)*-7. Let x = 1 - o. Let l(s) = -s**3 - s + 1. Let i(v) = 5*v**3 - 7*v**2 + v + 2. Let d(y) = -i(y) - 6*l(y). Calculate d(x).
-2
Let x(p) = p - 2. Let b(w) = -5*w**2 - w - 2*w**3 + 0*w**3 + 3*w**3 + 4 + 1. Let h be b(5). Determine x(h).
-2
Let w(n) = 2*n - 5. Suppose 3*r - 2*s - 4 = -0*s, 4*r - s - 12 = 0. Determine w(r).
3
Let a be ((-4)/14)/((-6)/42). Let v be a/(-3)*(-21)/(-7). Let w(s) = -3*s**2 - s + 2. Give w(v).
-8
Let b(g) = g + 1. Suppose -w + 4*w = 3, 5*x - 25 = 5*w. Determine b(x).
7
Let r(o) = -3*o**3 + 8*o**2 - 12*o + 19. Let a(i) = -i**3 + 3*i**2 - 4*i + 6. Let y(g) = 7*a(g) - 2*r(g). Determine y(4).
4
Let u(c) be the first derivative of 9*c**4/4 - c**2 + c + 6. What is u(1)?
8
Let y(c) be the second derivative of -c**4/3 - 2*c. What is y(2)?
-16
Let o(l) = 3*l + 13. Suppose 30 = -2*q - 3*q. Let h be o(q). Let t(w) = -w**2 - 4*w + 3. Calculate t(h).
-2
Suppose 2 = -3*o - 1. Let k(u) = 2*u - 1. Let c(p) = 1. Let l(f) = -2*c(f) - k(f). What is l(o)?
1
Suppose -4*b + 12 = -0*b. Let j(r) = -r + 1. Let t(q) = -8*q + 9. Let p(k) = 6*j(k) - t(k). Give p(b).
3
Suppose 1 + 1 = j. Suppose 2*s + u = -2*s + 8, 0 = -5*s + j*u + 10. Let t = 3 - s. Let i(x) = 3*x**2. Calculate i(t).
3
Let m = -29 + 28. Let o(n) = -19*n. Calculate o(m).
19
Let t(r) be the first derivative of -r**4/4 + 5*r**3/3 + 4*r**2 - 7*r + 230. Let v = -4 + 10. What is t(v)?
5
Let v be 80/24 - 1/3. Let i(d) = 0*d**2 - 4*d**2 + 5*d**2 - v + 5*d. Calculate i(-5).
-3
Suppose -2*l - 9 = -5*l. Suppose -2*b + 5*q + 22 = 0, -2*q = -b - l*q - 3. Let o(g) be the first derivative of 3*g**2 - g + 1. Give o(b).
5
Let w(l) = 5*l - 4. Let g(h) = -11*h + 8. Let d(q) = -6*g(q) - 13*w(q). Calculate d(4).
8
Let r(k) = -1 - 5*k**2 - 1 + 4 - 1 - k. Let h(j) = -j**3 - j + 1 - j**2 - 2 + 2.